9).
2, 43
Let c(j) = -j**3 + 7*j**2 + 3*j - 2. Let f be c(4). Let a(b) = 32*b - 87. Let s be a(7). Suppose -5*l + s = -f. List the prime factors of l.
3, 13
Let t be (-2 + 2)*(-8)/(-16). What are the prime factors of -20 + 18 - (t + -1)*38?
2, 3
Let o(p) = -3*p**3 - p**2 - p - 5201. Let i be o(0). List the prime factors of i/(-11) - 36/(-198).
11, 43
List the prime factors of -2 + -21 - (-41587 + -7).
3, 31, 149
Let o = 1673 + 184. Let y = o - 1296. What are the prime factors of y?
3, 11, 17
Suppose 4*s - 1 = -5. Let q = 532 - 533. What are the prime factors of (-9)/(s/(q - -8))?
3, 7
Let o(b) = 3540 - 7091 + 6*b + 3540. Let q be (-2)/5 + 104/10. List the prime factors of o(q).
7
Let s(z) = -20*z + z + 6*z**3 + 24 + 3*z**2 - z**2 + 0*z**3. Let w(m) = 2*m**3 + m**2 - 6*m + 8. Let u(v) = 6*s(v) - 17*w(v). List the prime factors of u(5).
73
What are the prime factors of (88/110)/((-41449)/228030 - (-34)/187)?
2, 3, 691
Let j(x) = 186*x + 1795. What are the prime factors of j(-8)?
307
Suppose -120*c + 658214 = -38*c. What are the prime factors of c?
23, 349
Let c(s) = s**2 + 13*s - 6. Let y be c(-14). Suppose -51 = -y*w + 7*w. Let x = w + -7. What are the prime factors of x?
2, 11
Suppose 4*a + 3*f - 71 = 0, a + 4*f = 37 - 3. List the prime factors of (-4 - -256)*72/a.
2, 3
Suppose -12*k - 803636 = 454840. List the prime factors of (-1)/6 + k/(-102).
2, 257
Let h(i) = 2*i**3 + 38*i**2 - 21*i - 57. Let k be h(-20). Let n = 772 + k. What are the prime factors of n?
5, 67
Suppose 71*m - 3778908 - 411146 = -75*m. What are the prime factors of m?
11, 2609
Suppose -2*a - 106 = -2*t - 3*t, 3*t + a = 57. Suppose -t*g = 15*g - 11655. What are the prime factors of g?
3, 37
Let s(g) = 15*g - 1. Let q(y) = 21*y - 2. Let r(f) = 5*q(f) - 8*s(f). Suppose 0 = b + 5 - 3. List the prime factors of r(b).
2, 7
Let b = 284 - 510. List the prime factors of -4 + -2 - (b - 3).
223
Let n(d) = 17*d + 41. Let f be n(-2). List the prime factors of (f - (-3 - 485)) + 2.
7, 71
Let w(p) = 82*p + 7. Let h be w(-4). Let f = 369 + h. List the prime factors of f.
2, 3
Let t(n) = -20*n + 384. Let i be t(19). Suppose -5*m + 274 = -i*m. List the prime factors of m.
2, 137
Let z be -4 - -8 - (-3 + 2). Suppose -q + 297 = 5*l, z*q - q = 2*l + 1298. List the prime factors of q.
2, 7, 23
Let b = -760 + 179. What are the prime factors of 18*(-7 - b/14)?
3, 23
Let m = -37 - -78. Suppose -7*o - 13 = -m. Suppose -4*q + 0*f = 4*f - 524, -o*q + 525 = 3*f. List the prime factors of q.
2, 3, 11
Suppose 0 = 221*b - 224*b + 183. Let v = b - -108. What are the prime factors of v?
13
Suppose 15442 = 547*z - 545*z + 4*l, 3*z + 4*l = 23167. What are the prime factors of z?
3, 5, 103
Suppose 5*r - 33070 = -5*g, -3339*g + 6602 = r - 3336*g. List the prime factors of r.
2, 5, 331
Let c(u) = -21*u - 226. Let f be c(-12). Suppose -2*k + 616 = -f. List the prime factors of k.
3, 107
Let q(u) = 102*u**3 - 3*u**2 + 103*u - 480. What are the prime factors of q(5)?
2, 5, 31, 41
What are the prime factors of (-47 - -57)*4046/4?
5, 7, 17
Suppose 14*c + 5 = 47. Suppose -c*q - 487 = -5*q + 5*w, -2*w - 478 = -2*q. Let j = q + -111. List the prime factors of j.
5
Suppose -3*s = -2*f + 6010 - 24451, 2*s - 5*f = 12305. List the prime factors of s.
5, 1229
Let u(n) = 3*n + 1. Let a(x) = -4*x - 2. Let m(h) = -4*a(h) - 5*u(h). Let k be m(-19). Let r = k - -88. List the prime factors of r.
2, 3
Suppose -p - 3*z = -4789, 13*p - 9*p = z + 19169. What are the prime factors of p?
2, 599
Suppose 223*k - 224*k + 5*x = -1350, 5*x = -3*k + 4070. What are the prime factors of k?
5, 271
List the prime factors of (-2)/(-3) - (-1192016)/168.
2, 887
Let u = 1399 - 983. Let a = u + -185. What are the prime factors of a?
3, 7, 11
Suppose -2*i + 184 = -380. What are the prime factors of (-2 + -1)*(-86386)/i?
919
Let w be (-3)/3 - -4*20/16. Suppose 2598 = 3*y + w*m, -y = -3*y + 5*m + 1755. What are the prime factors of y?
2, 3, 5, 29
Let w = -563 - -789. Suppose -3*p + 98 = -w. What are the prime factors of p?
2, 3
Suppose -16*i + 4*g - 19942 = -18*i, 5*i + g - 49792 = 0. List the prime factors of i.
3, 3319
Suppose -5*h + 20044 = -3*d, 3*d = -0*h - 2*h + 8026. Let b be 2*(2/(-14) + h/140). Suppose -a + 85 = -b. List the prime factors of a.
2, 71
Let d(b) = -845 + 760 - 5*b - 9*b. List the prime factors of d(-14).
3, 37
Let h = -609 + 663. Suppose h*p - 22*p - 26016 = 0. List the prime factors of p.
3, 271
Let g = -58 + 148. Suppose 415 = -4*h - 5*i, -h - 8*i = -4*i + g. Let d = -90 - h. List the prime factors of d.
2, 5
What are the prime factors of (-2*(-3494)/12)/((-8)/(-480))?
2, 5, 1747
Let f(y) = 751*y**2 - y. Suppose 0 = -5*r + l + 7, 2 - 4 = 4*r + 3*l. Let d be f(r). Suppose 8*b - 2318 + d = 0. List the prime factors of b.
2, 7
List the prime factors of (-8)/(-1) + (-172937)/(-73).
2377
Let p(c) = c**3 + 18*c**2 + 63*c + 6. Let k be p(-4). What are the prime factors of 3112/6*(77/k + 5)?
2, 389
Let v = -26597 + 41018. Suppose -2423 = 14*o - v. List the prime factors of o.
857
Let g = 65 - 58. Suppose -3*n = -5*l - 17, 0 = -5*n - 5*l + g + 8. Suppose -n*v - 101 = -z, 428 = 4*z - 2*v - 2*v. List the prime factors of z.
109
Let x = -14 - -4509. List the prime factors of x.
5, 29, 31
Suppose -5*n + 4*w - 5*w + 572 = 0, 2*n + 2*w - 232 = 0. Let x(u) = u**2 + 8*u. Let o be x(-9). Suppose -n = -o*f + 3*f. List the prime factors of f.
19
Let d(x) = -5*x + 4. Let r be d(0). Suppose 3*t - 270 = -3*i, -13*t - r = -11*t. List the prime factors of i.
2, 23
Suppose -3*p + 4*y + 391 = 0, 0 = 4*p - y - 98 - 419. Let g = 237 - p. List the prime factors of g.
2, 3
Suppose 0 = t - 2*v - 12906, 3*t + 5130 = -4*v + 43808. What are the prime factors of t?
2, 6449
Suppose -17*h - 3*f = -16*h - 8138, 3*f + 32627 = 4*h. What are the prime factors of h?
31, 263
Let s(w) = 8*w + 838. List the prime factors of s(-48).
2, 227
Let a(m) = 8*m + 101. Let c be a(-12). Suppose -5*h - 5*v + 3450 = 0, 3*h + c*v - 4*v = 2062. List the prime factors of h.
2, 7
Let j(b) = b**3 - 5*b**2 - 4*b + 5. Let g be j(6). Suppose -2*s + g = -1. Suppose 301 - 850 = -s*n. List the prime factors of n.
61
Suppose -2*s - 68 = 20. Let g = -33 - s. Let u = g - -45. List the prime factors of u.
2, 7
Let m(y) = 2*y**2 + 6*y + 2. Let x be m(-4). Let j be (-22)/(-1155)*7815 + 12/(-14). Suppose -x*b = -14*b + j. What are the prime factors of b?
37
Suppose 0 = i - 174 + 7. Let r = i - 97. List the prime factors of (54/7)/(15/r).
2, 3
Let r(y) = -1308*y + 69. What are the prime factors of r(-2)?
3, 5, 179
Suppose 35*c = 31*c - t + 19734, 5*c = t + 24672. What are the prime factors of c?
2, 2467
Let u = -23531 + 41215. What are the prime factors of u?
2, 4421
Let u(n) = n**2 + 159*n - 35. List the prime factors of u(39).
7687
Suppose 5*t = 0, 46 + 89 = 3*y + 3*t. Let m = 242 - 240. Suppose m*g = -3*g + y. What are the prime factors of g?
3
Suppose -1500*q + 1598*q = 38514. Let s = 256 - 138. Let x = q - s. List the prime factors of x.
5, 11
Let n(i) = -2*i**2 - 9*i - 33. Let j be n(-11). Let a = j - -385. List the prime factors of a.
11, 19
Let n(f) = 3587*f**2 - 62*f - 156. List the prime factors of n(-3).
3, 10771
Let s(i) = 63*i**2 - 13*i - 27. What are the prime factors of s(-10)?
19, 337
Let i(z) = -8*z + 126. Let m be i(15). Suppose m*o = -5*n + 10*o + 2529, 3*o + 2024 = 4*n. List the prime factors of n.
509
Suppose -12 = -2*q - 2. Suppose 0 = -2*c - q*f + 204, -2*c + 2*f + 84 + 120 = 0. What are the prime factors of 389/6 + 17/c?
5, 13
Suppose -c + 64484 = 2*b, -2*c - 3*b = 28495 - 157457. List the prime factors of c.
2, 8059
Let p = -282 - -514. Suppose -p = -10*y + 838. Let a = 195 - y. What are the prime factors of a?
2, 11
Let i(m) = 3*m**2 + 27*m + 83. Let n be i(-26). Suppose -z + n = 2*t - 0*z, 5*t = z + 3533. What are the prime factors of t?
2, 353
Let t = -65 - -69. Suppose 3 = 3*b, b + 7 = t*w - 2*w. Suppose -3*m + i = -26 - 98, -i = w*m - 170. What are the prime factors of m?
2, 3, 7
Suppose 141 = -2*z + 1815. Let o = -581 + z. List the prime factors of o.
2
Let o(c) = 4*c**2 + 59*c - 47. Let g be (-1)/4 + (-322)/56 - 21. What are the prime factors of o(g)?
2, 11, 29
Let z = -2797 - -1669. Let g = z - -1779. List the prime factors of g.
3, 7, 31
Let g(i) = -25*i**3 - 7*i**2 